 1275456?
584
What is the greatest common divisor of 4868 and 48?
4
Calculate the highest common divisor of 3009 and 100300.
1003
What is the highest common factor of 1434710 and 530?
530
What is the highest common factor of 451 and 28823?
41
Calculate the greatest common factor of 812 and 4214.
14
Calculate the highest common factor of 405 and 55215.
135
What is the greatest common factor of 1615 and 10013?
323
What is the greatest common factor of 99363 and 99?
33
Calculate the greatest common factor of 17277 and 533.
13
What is the highest common divisor of 1072825 and 5200?
325
Calculate the highest common divisor of 24 and 242136.
24
What is the highest common factor of 1971 and 4239?
27
What is the highest common divisor of 198 and 6965739?
99
Calculate the greatest common divisor of 22784 and 632.
8
Calculate the highest common factor of 438 and 9782.
146
What is the highest common divisor of 219226 and 42?
14
What is the greatest common factor of 3509 and 39875?
319
Calculate the highest common divisor of 3 and 31107.
3
Calculate the greatest common factor of 404 and 5757.
101
What is the highest common divisor of 84 and 1318758?
42
Calculate the highest common divisor of 133 and 2436.
7
What is the greatest common factor of 6283 and 76529?
103
Calculate the highest common divisor of 2138 and 142.
2
Calculate the greatest common divisor of 7106 and 304.
38
What is the greatest common divisor of 29943 and 8721?
27
What is the highest common factor of 36950 and 725?
25
Calculate the greatest common divisor of 11605 and 4510.
55
What is the greatest common divisor of 78 and 6513?
39
What is the greatest common divisor of 3680 and 1081?
23
What is the highest common divisor of 316706 and 338?
338
What is the highest common factor of 18480 and 693?
231
What is the highest common divisor of 402336 and 19431?
1143
Calculate the highest common factor of 179158 and 28.
14
Calculate the greatest common factor of 23945 and 23.
1
Calculate the greatest common divisor of 26026 and 15290.
22
Calculate the greatest common factor of 23 and 173397.
23
What is the greatest common divisor of 1461342 and 6?
6
Calculate the highest common divisor of 66 and 677721.
33
Calculate the highest common factor of 24523 and 716.
179
Calculate the greatest common factor of 72 and 30936.
24
Calculate the greatest common divisor of 157025 and 675.
25
Calculate the greatest common factor of 98576 and 3434.
202
What is the greatest common divisor of 6 and 5442?
6
What is the highest common divisor of 144989 and 2375?
19
What is the greatest common divisor of 267918 and 42?
42
What is the greatest common divisor of 12471480 and 144?
72
What is the greatest common factor of 330 and 426756?
66
What is the greatest common factor of 25181 and 507?
169
Calculate the highest common divisor of 2112 and 776864.
352
Calculate the greatest common factor of 26 and 62179.
13
Calculate the highest common factor of 10217 and 221.
17
Calculate the greatest common divisor of 101979 and 81.
81
Calculate the highest common factor of 404 and 1968288.
404
Calculate the greatest common factor of 195 and 427395.
15
What is the greatest common divisor of 238 and 29771?
7
Calculate the highest common factor of 710 and 11210.
10
What is the highest common divisor of 13312 and 6708?
52
Calculate the greatest common divisor of 132 and 177958.
22
Calculate the highest common divisor of 2 and 155.
1
Calculate the greatest common divisor of 904 and 19.
1
What is the greatest common factor of 115 and 6005?
5
What is the greatest common factor of 24060 and 160?
20
What is the greatest common divisor of 513160 and 40?
40
What is the greatest common divisor of 137531 and 664?
83
What is the greatest common divisor of 98295 and 30?
15
Calculate the highest common factor of 22 and 541442.
22
What is the highest common factor of 15 and 5289?
3
Calculate the highest common factor of 12963353 and 1823.
1823
What is the greatest common factor of 1016191 and 11?
11
What is the highest common factor of 149976 and 32?
8
What is the greatest common divisor of 9 and 800172?
9
What is the greatest common factor of 205384 and 584?
8
What is the highest common divisor of 276 and 2530?
46
What is the highest common factor of 81519 and 6?
3
What is the greatest common divisor of 44 and 3709409?
11
Calculate the highest common divisor of 280 and 38600.
40
Calculate the greatest common factor of 427 and 6034.
7
What is the highest common factor of 5353888 and 32?
32
Calculate the greatest common divisor of 14 and 2681266.
14
Calculate the highest common factor of 106596 and 182.
14
What is the greatest common divisor of 1577 and 46569?
19
Calculate the highest common divisor of 227906 and 438.
146
What is the highest common divisor of 176171 and 16813?
731
Calculate the highest common factor of 434 and 11578.
14
Calculate the highest common divisor of 1805294 and 1810.
362
Calculate the greatest common factor of 62 and 148.
2
Calculate the highest common factor of 18 and 10273.
1
What is the greatest common divisor of 59027 and 335?
67
What is the greatest common divisor of 222964 and 140?
28
What is the greatest common factor of 544 and 16337?
17
Calculate the greatest common factor of 688 and 44048.
16
What is the highest common divisor of 10327 and 7?
1
What is the highest common divisor of 28545 and 10791?
33
Calculate the greatest common divisor of 350 and 545825.
175
Calculate the greatest common divisor of 569583 and 21.
21
What is the highest common factor of 150 and 463350?
150
What is the highest common factor of 4172 and 12218?
298
Calculate the greatest common factor of 60054 and 174.
6
What is the greatest common divisor of 123 and 235299?
123
What is the greatest common divisor of 350 and 56630?
70
Calculate the greatest common factor of 335 and 6805.
5
What is the greatest common factor of 75 and 1275?
75
Calculate the greatest common factor of 305158 and 1988.
994
Calculate the highest common divisor of 62 and 59427.
31
What is the greatest common factor of 65216 and 64?
64
What is the highest common factor of 4312 and 60907?
539
Calculate the highest common divisor of 24 and 13494120.
24
Calculate the highest common divisor of 43690 and 782.
34
What is the highest common divisor of 9376 and 10?
2
What is the highest common factor of 28836 and 90?
18
What is the highest common divisor of 20473 and 1593?
59
What is the highest common divisor of 2627600 and 150?
50
What is the greatest common factor of 289 and 136?
17
Calculate the greatest common factor of 203497 and 98.
49
Calculate the highest common factor of 1946915 and 463.
463
What is the highest common divisor of 99 and 202869?
9
Calculate the greatest common factor of 444 and 36.
12
Calculate the greatest common factor of 58276 and 28281.
857
Calculate the highest common divisor of 1326 and 124202.
442
What is the greatest common divisor of 1632 and 21408?
96
What is the highest common divisor of 49878 and 85?
17
What is the highest common factor of 1176 and 76104?
168
What is the highest common divisor of 6931 and 8604?
239
Calculate the greatest common factor of 54 and 29349.
27
What is the highest common factor of 25650 and 13230?
270
What is the greatest common factor of 667875 and 5754?
411
What is the greatest common divisor of 542 and 448234?
542
What is the highest common factor of 1123780 and 1288?
644
Calculate the highest common divisor of 4 and 25173.
1
Calculate the greatest common divisor of 3404 and 1628.
148
Calculate the greatest common divisor of 3666 and 10452.
78
What is the greatest common divisor of 3744 and 73728?
288
What is the greatest common divisor of 1566 and 4968?
54
Calculate the greatest common factor of 1108544 and 64.
64
Calculate the highest common factor of 321 and 1877957.
107
What is the highest common factor of 175 and 3136175?
175
What is the greatest common factor of 218 and 78?
2
Calculate the highest common divisor of 5709 and 22.
11
Calculate the highest common divisor of 15355 and 56240.
185
What is the greatest common divisor of 227490 and 555?
15
Calculate the greatest common divisor of 2072 and 41664.
56
Calculate the highest common divisor of 5150 and 864170.
1030
What is the greatest common divi